(m) = m**3 + 2*m**2 + 2*m + 1. Determine c(-1).
0
Let r(h) = -3*h - 10. Give r(-4).
2
Let h(n) = -n**2 + 18*n - 59. Give h(7).
18
Let q(s) = -s**2 + 3*s + 35. Give q(8).
-5
Let h(z) = z**3 + 2*z**2 - 5*z + 3. What is h(-4)?
-9
Let n(w) = 3*w + 24. Calculate n(-6).
6
Let m(w) = w**3 + 10*w**2 + 18*w - 10. What is m(-8)?
-26
Let a(z) = -z**2 - 6*z - 11. Determine a(-5).
-6
Let z(j) = 66*j**3 + j**2 + 5*j - 6. Calculate z(1).
66
Let f(t) = t**3 + 12*t**2 + t - 20. Give f(-11).
90
Let o(q) = -4*q**2 + 175*q - 125. Give o(43).
4
Let x(b) = 2*b**2 - 26*b + 17. Determine x(12).
-7
Let k(h) = -2*h**2 - 9*h - 2. Give k(-7).
-37
Let d(z) = -z**2 - z - 20. Give d(7).
-76
Let i(d) = -2*d**2 + 51*d - 39. What is i(25)?
-14
Let j(u) = 2*u - 1. Determine j(12).
23
Let a(z) = -z**2 + 18*z + 12. Determine a(7).
89
Let d(x) = 9*x + 113. What is d(-13)?
-4
Let n(x) = x**2 - 10*x + 16. What is n(5)?
-9
Let f(k) = -k**2 + k + 6. Calculate f(2).
4
Let w(c) = -6*c + 24. Calculate w(4).
0
Let h(u) = -2*u + 5. What is h(8)?
-11
Let f(t) = t**2 - 5*t - 18. Give f(6).
-12
Let l(u) = 2*u**2 + 21*u + 1. Give l(-14).
99
Let w(h) = 6*h**2 - 6*h + 1. What is w(4)?
73
Let k(j) = 2*j**2 + 3*j - 31. Determine k(-5).
4
Let s(i) = -7*i**2 + 2*i + 1. Determine s(2).
-23
Let c(h) = 6*h**3 - 2*h**2 - 4*h - 3. Give c(-1).
-7
Let i(d) = -d**3 - 13*d**2 - 2*d - 13. Give i(-13).
13
Let x(s) = 2*s**2 - 34*s + 3. What is x(17)?
3
Let s(k) = -9*k - 61. Calculate s(-8).
11
Let r(p) = -p. Determine r(-12).
12
Let f(l) = 2*l**3 - 4*l**2 - l + 11. Give f(4).
71
Let g(x) = 15*x**3 + x**2 + 2*x + 7. What is g(-2)?
-113
Let o(k) = -25*k + 75. Determine o(4).
-25
Let m(j) = 2*j + 2. Calculate m(-2).
-2
Let d(m) = -m**2 + 30*m - 73. Give d(24).
71
Let b(j) = j**2 - 12*j + 40. What is b(9)?
13
Let r(f) = -35*f - 1. What is r(-1)?
34
Let p(h) = -h**2 + 6*h. Give p(3).
9
Let a(g) = g**3 - 7*g**2 + 2*g + 7. Give a(3).
-23
Let r(l) = -17*l - 256. Give r(-14).
-18
Let u(z) = z - 14. Give u(-7).
-21
Let l(t) = t**3 - 8*t**2 + 4*t + 6. Give l(5).
-49
Let x(w) = -w**3 - 10*w**2 + w + 12. Determine x(-10).
2
Let o(x) = -44*x**2 + x. Calculate o(-1).
-45
Let m(n) = n**3 + 19*n**2 + 2*n + 41. What is m(-19)?
3
Let i(d) = 2*d**2 + 19*d. Determine i(-10).
10
Let p(k) = -k**3 + 3*k - 12. Give p(0).
-12
Let l(x) = -x - 17. Determine l(-11).
-6
Let n(f) = -f + 2. Calculate n(-8).
10
Let v(h) = -36*h + 1262. Give v(35).
2
Let t(w) = -w**2 - 10*w - 7. What is t(-9)?
2
Let p(c) = -c - 15. Give p(-10).
-5
Let l(i) = -i + 13. Give l(13).
0
Let f(j) = -2*j - 24. What is f(-8)?
-8
Let r(v) = 8*v - 8. Determine r(2).
8
Let z(y) = y**2 - 3*y + 1. Calculate z(5).
11
Let i(a) = a**2 + 11*a - 11. Give i(-7).
-39
Let x(p) = p**3 - 7*p**2 + 4*p - 1. Give x(5).
-31
Let q(n) = n**3 - 18*n**2 - 18*n - 13. What is q(19)?
6
Let g(d) = -d**3 - 8*d**2 + 32*d - 20. Give g(-11).
-9
Let c(s) = -s + 28. Determine c(26).
2
Let a(l) = 12*l - 10. Calculate a(4).
38
Let v(i) = 42*i + 249. What is v(-6)?
-3
Let f(c) = -c**3 - c - 4. Calculate f(3).
-34
Let o(i) = -8*i - 8. Give o(-3).
16
Let t(i) = 3*i**2 + 26*i - 4. What is t(-9)?
5
Let u(g) = -g**3 + 12*g**2. What is u(12)?
0
Let f(j) = -j**3 - 12*j**2 + 15. Calculate f(-12).
15
Let z(k) = -8*k**2 - k + 1. Determine z(1).
-8
Let x(z) = -z**2 + 6*z + 17. Determine x(5).
22
Let w(f) = 98*f - 985. Determine w(10).
-5
Let l(c) = c**2 - 3*c + 2. Determine l(-2).
12
Let p(q) = -q**2 - 3*q + 6. Determine p(4).
-22
Let v(h) = h**3 + 4*h**2 - 7*h - 6. Give v(-5).
4
Let a(s) = s**3 + 10*s**2 + 24*s - 4. What is a(-5)?
1
Let a(u) = -u**3 + u**2 - 2*u + 1. Determine a(2).
-7
Let b(s) = s**3 - 15*s**2 - 20*s + 37. Calculate b(16).
-27
Let z(k) = -k**3 - 9*k**2 - 3*k - 16. What is z(-9)?
11
Let h(z) = -2*z**2 + 44*z - 6. What is h(22)?
-6
Let y(k) = 11*k**2 - 2*k + 1. Calculate y(1).
10
Let r(g) = -g**3 - 22*g**2 - 37*g + 56. What is r(-20)?
-4
Let z(f) = 2*f**2 + 15*f + 30. What is z(-2)?
8
Let d(p) = -p**2 + 14*p + 28. Calculate d(15).
13
Let x(p) = 17*p**3 - 2*p**2 + 2*p - 1. Determine x(1).
16
Let x(v) = 4*v + 134. What is x(-35)?
-6
Let z(v) = v**3 + 5*v**2 - 12*v - 9. Determine z(-6).
27
Let h(n) = n**3 + 9*n**2 + 51*n + 328. What is h(-8)?
-16
Let u(p) = 4*p - 5. What is u(3)?
7
Let v(s) = -3*s + 87. Determine v(17).
36
Let k(v) = -33*v + 6. Determine k(7).
-225
Let p(k) = -k**2 - 12*k + 14. What is p(-14)?
-14
Let y(o) = o**2 - 3*o + 1. What is y(3)?
1
Let j(z) = z**3 + z**2 - 5*z - 5. Determine j(-2).
1
Let b(w) = -w - 18. Calculate b(14).
-32
Let m(u) = -u**3 - 13*u**2 - 14*u - 20. Determine m(-12).
4
Let d(s) = -2*s - 28. Give d(-17).
6
Let c(i) = -i**3 + 8*i**2 + 2*i + 10. What is c(8)?
26
Let v(r) = r**3 - 5*r**2 - 3*r + 7. What is v(6)?
25
Let n(u) = -u**2 - 3*u + 10. Calculate n(2).
0
Let k(z) = 2*z**2 - 29*z - 10. Calculate k(15).
5
Let x(v) = -v**3 + 24*v**2 + 6. What is x(24)?
6
Let t(o) = -o**3 + 2*o**2 + 3*o - 6. What is t(0)?
-6
Let m(u) = u + 11. Determine m(-6).
5
Let c(u) = -u**2 - u + 115. Calculate c(-11).
5
Let b(t) = -3*t - 36. Determine b(-12).
0
Let x(f) = -f**3 - 12*f**2 - 21*f - 5. What is x(-10)?
5
Let k(f) = -f**2 - 13*f - 3. What is k(-12)?
9
Let t(d) = -16*d + 120. Calculate t(11).
-56
Let g(i) = i - 5. Calculate g(-4).
-9
Let v(b) = -46*b - 5. Give v(1).
-51
Let w(j) = j**2 - 14*j + 17. What is w(8)?
-31
Let v(o) = o**3 + 8*o**2 - 4*o + 10. Determine v(-8).
42
Let u(k) = 53*k + 113. Give u(-2).
7
Let k(f) = -3*f + 35. Give k(10).
5
Let p(b) = -b**3 + 41*b**2 - 77*b - 22. Give p(39).
17
Let a(f) = -19*f**3 + f**2 + 2*f + 1. Calculate a(-1).
19
Let b(z) = -z**3 + 10*z**2 + 15*z + 3. Give b(11).
47
Let i(w) = -10*w - 43. Determine i(-5).
7
Let a(b) = b**3 - 30*b**2 - 27*b - 133. Give a(31).
-9
Let q(z) = -z + 22. Calculate q(10).
12
Let m(p) = -p**3 + 46*p**2 + 839*p + 63. What is m(60)?
3
Let r(x) = -x**2 + 16*x - 42. What is r(13)?
-3
Let p(a) = -15*a - 143. Determine p(-9).
-8
Let g(y) = 2*y**2 + 35*y + 8. Give g(-18).
26
Let w(b) = -10*b - 9. Calculate w(2).
-29
Let i(o) = -4*o - 235. Calculate i(-54).
-19
Let t(f) = f**3 - 11*f**2 - 12*f - 4. Give t(12).
-4
Let q(d) = -3*d**2 + 5*d. What is q(3)?
-12
Let d(q) = q**2 - 10*q. Determine d(9).
-9
Let x(z) = -5*z**2 - z - 1. What is x(-2)?
-19
Let r(l) = 9*l - 7. Calculate r(3).
20
Let h(i) = i**2 - 6*i - 66. Give h(-6).
6
Let t(x) = 2*x - 13. What is t(6)?
-1
Let x(l) = 3*l - 8. Calculate x(18).
46
Let m(x) = x**2 - 1. Calculate m(0).
-1
Let x(r) = r**3 + 2*r**2 + 4*r + 2. Calculate x(-2).
-6
Let o(h) = 33*h**2 - 3*h + 3. Give o(1).
33
Let y(d) = d**3 + 10*d**2 + d + 15. Calculate y(-10).
5
Let m(u) = u**2 + 15*u + 37. Determine m(-16).
53
Let n(k) = -2*k**3 + 2*k**2 - 3*k + 1. Determine n(2).
-13
Let n(k) = -2*k**2 + k + 8. Give n(-6).
-70
Let r(p) = p**3 + 5*p**2 + p + 3. Determine r(-4).
15
Let d(f) = f**3 - 9*f**2 - 26*f + 15. Determine d(12).
135
Let c(p) = p**2 - 3*p - 21. Give c(-4).
7
Let v(u) = u**3 - 6*u**2 - 6*u + 9. Determine v(7).
16
Let c(r) = r**2 + 5*r - 50. Determine c(-10).
0
Let v(b) = 10*b + 17. Determine v(-2).
-3
Let c(p) = p**2 + 3*p. Calculate c(-6).
18
Let x(f) = -2*f**2 + 5*f - 3. Calculate x(3).
-6
Let q(w) = -6*w - 43. What is q(6)?
-79
Let x(p) = 5*p**2 - 3*p - 7. Calculate x(-2).
19
Let s(i) = -i**3 + 7*i**2 - 7*i + 4. What is s(5)?
19
Let q(m) = -m**2 + 5*m - 3. What is q(6)?
-9
Let m(c) = -3*c - 14. Give m(2).
-20
Let y(t) = 2*t**2 - 7*t - 29. Determine y(6).
1
Let v(y) = -y**2 - 8*y - 37. Determine v(-7).
-30
Let z(b) = -b**3 - 5*b**2 - 11*b - 20. Determine z(-6).
82
Let j(k) = k + 14. Determine j(3).
17
Let w(v) = v**3 + 8*v**2 - v - 14. Calculate w(-6).
64
Let v(y) = -y - 11. Calculate v(-15).
4
Let a(m) = -m**3 - 6*m**2 - 6*m - 15. Determine a(-6).
21
Let f(c) = c**3 - 7*c**2 - 9*c + 5. Calculate f(8).
-3
Let i(n) = -n**3 - 5*n**2 - 7*n - 11. What is i(-4)?
1
Let h(d) = d**2 + 7*d + 5. Calculate h(-7).
5
Let v(u) = -2*u**2 - 7*u - 9. Determine v(-5).
-24
Let w(t) = -2*t**3 + t**2 - 5*t - 1. Calculate w(0).
-1
Let k(y) = y**2 + 8*y + 17. Give k(-2).
5
Let u(g) = -7*g**2 - 20*g - 20. Determine u(-1).
-7
Let x(m) = 2*m**2 + 12*m - 185. Calculate x(7).
-3
Let r(v) = -2*v**3 - 50*v**2 + v + 21. What is r(-25)?
-4
Let r(b) = 18*b - 189. Calculate r(10).
-9
Let b(u) = u**3 - 9*u**2 + 16*u